{"id":837,"date":"2020-09-01T20:31:10","date_gmt":"2020-09-01T17:31:10","guid":{"rendered":"http:\/\/tadeo.lv\/?page_id=837"},"modified":"2020-12-09T15:47:41","modified_gmt":"2020-12-09T13:47:41","slug":"maksatnespeja-fiziskam-personam","status":"publish","type":"page","link":"https:\/\/tadeo.lv\/index.php\/maksatnespeja-fiziskam-personam\/?lang=lv","title":{"rendered":"Maks\u0101tnesp\u0113ja fizisk\u0101m person\u0101m"},"content":{"rendered":"<p>Esat fiziska persona vai juridiska persona, kurai draud vai jau ir pasludin\u0101ta maks\u0101tnesp\u0113ja? M\u016bsu juridiskais birojs TADEO var Jums pal\u012bdz\u0113t un rast juridiskus risin\u0101jumus, sniegt padomus un nodro\u0161in\u0101t p\u0101rst\u0101v\u012bbu vis\u0101 maks\u0101tnesp\u0113jas proces\u0101 no A l\u012bdz Z.<\/p>\n<p><strong>M\u0113s pied\u0101v\u0101jam \u0161\u0101dus juridiskos pakalpojumus fiziskas personas maks\u0101tnesp\u0113jas jaut\u0101jumos:<\/strong><\/p>\n<ul>\n<li>juridisk\u0101s konsult\u0101cijas, kuru laik\u0101 sniegsim inform\u0101ciju par maks\u0101tnesp\u0113jas procesa norisi, izmaks\u0101m, k\u0101 ar\u012b, izv\u0113rt\u0113jot J\u016bsu situ\u0101ciju, tiks sniegti lab\u0101kie juridiskie risin\u0101jumi;<\/li>\n<li>fiziskas personas maks\u0101tnesp\u0113jas procesa pieteikuma sagatavo\u0161ana iesnieg\u0161anai ties\u0101;<\/li>\n<li>tiesisko intere\u0161u p\u0101rst\u0101v\u012bba maks\u0101tnesp\u0113jas procesa ietvaros attiec\u012bb\u0101s ar kreditoriem, maks\u0101tnesp\u0113jas procesa administratoru;<\/li>\n<li>saist\u012bbu izpildes pl\u0101na sagatavo\u0161ana.<\/li>\n<\/ul>\n<p><strong>K\u0101p\u0113c nepiecie\u0161ams juridiskais atbalsts maks\u0101tnesp\u0113jas procesa laik\u0101?<\/strong><\/p>\n<p>Jurists fiziskas personas maks\u0101tnesp\u0113jas procesa laik\u0101 ne tikai sp\u0113j sagatavot juridiska rakstura dokumentus iesnieg\u0161anai ties\u0101, bet ar\u012b sniedz detaliz\u0113tu inform\u0101ciju fiziskajai personai gan par maks\u0101tnesp\u0113jas procesa uzs\u0101k\u0161anu, t\u0101 norisi, k\u0101 ar\u012b veic tiesisko intere\u0161u p\u0101rst\u0101v\u012bbu, lai maks\u0101tnesp\u0113jas process norit\u0113tu p\u0113c iesp\u0113jas efekt\u012bv\u0101k.<\/p>\n<p>J\u016bsu zin\u0101\u0161anai \u2013 maks\u0101tnesp\u0113jas procesa ietvaros par\u0101dsaist\u012bbu apm\u0113rs nepieaug, proti, par\u0101dsaist\u012bba netiek aplikta ar kav\u0113juma procentiem un fiziskas personas ikm\u0113ne\u0161a ien\u0101kumi, kuri kalpo par pamatu saist\u012bbu dz\u0113\u0161anai, netiek samazin\u0101ti, t\u0101 viet\u0101 noteiktu laika periodu fiziskajai personai ir j\u0101veic maks\u0101jumi, par kuru izpildi ir atbild\u012bga pati fizisk\u0101 persona.<\/p>\n<p><strong>Fiziskas personas maks\u0101tnesp\u0113jas procesu var piem\u0113rot, ja:<\/strong><\/p>\n<ul>\n<li>J\u016bs esat Latvijas nodok\u013cu maks\u0101t\u0101js vismaz 6 m\u0113ne\u0161us un Jums iest\u0101ju\u0161\u0101s finansi\u0101las gr\u016bt\u012bbas;<\/li>\n<li>Jums nav iesp\u0113ju nok\u0101rtot par\u0101dsaist\u012bbu, kur\u0101m iest\u0101jies izpildes termi\u0146\u0161 un to kop\u0113jais apm\u0113rs p\u0101rsniedz 5000 EUR;<\/li>\n<li>J\u016bsu par\u0101dsaist\u012bbas, kuru izpildes termi\u0146\u0161 iest\u0101sies gada laik\u0101, kop\u0101 p\u0101rsniedz 10\u2019000 EUR, un ar pier\u0101d\u0101miem apst\u0101k\u013ciem J\u016bs saprotat, ka nevar\u0113siet t\u0101s nok\u0101rtot;<\/li>\n<li>J\u016bs p\u0113d\u0113jo 3 gadu laik\u0101 neesat sniedzis nepatiesu inform\u0101ciju saviem kreditoriem;<\/li>\n<li>J\u016bs neesat atz\u012bts pat vain\u012bgu krimin\u0101lprocesa ietvaros, saist\u012bb\u0101 ar pie\u0161\u0137irt\u0101 kred\u012bta l\u012bgum\u0101 neparedz\u0113tu m\u0113r\u0137u izlietojumu vai izvair\u012b\u0161anos no nodok\u013cu samaksas;<\/li>\n<li>Jums p\u0113d\u0113jo 10 gadu laik\u0101 nav bijis maks\u0101tnesp\u0113jas process.<\/li>\n<\/ul>\n","protected":false},"excerpt":{"rendered":"<p>Esat fiziska persona vai juridiska persona, kurai draud vai jau ir pasludin\u0101ta maks\u0101tnesp\u0113ja? M\u016bsu juridiskais birojs TADEO var Jums pal\u012bdz\u0113t un rast juridiskus risin\u0101jumus, sniegt padomus un nodro\u0161in\u0101t p\u0101rst\u0101v\u012bbu vis\u0101 &#8230;<\/p>\n","protected":false},"author":1,"featured_media":0,"parent":0,"menu_order":0,"comment_status":"closed","ping_status":"closed","template":"","meta":[],"_links":{"self":[{"href":"https:\/\/tadeo.lv\/index.php\/wp-json\/wp\/v2\/pages\/837"}],"collection":[{"href":"https:\/\/tadeo.lv\/index.php\/wp-json\/wp\/v2\/pages"}],"about":[{"href":"https:\/\/tadeo.lv\/index.php\/wp-json\/wp\/v2\/types\/page"}],"author":[{"embeddable":true,"href":"https:\/\/tadeo.lv\/index.php\/wp-json\/wp\/v2\/users\/1"}],"replies":[{"embeddable":true,"href":"https:\/\/tadeo.lv\/index.php\/wp-json\/wp\/v2\/comments?post=837"}],"version-history":[{"count":7,"href":"https:\/\/tadeo.lv\/index.php\/wp-json\/wp\/v2\/pages\/837\/revisions"}],"predecessor-version":[{"id":1208,"href":"https:\/\/tadeo.lv\/index.php\/wp-json\/wp\/v2\/pages\/837\/revisions\/1208"}],"wp:attachment":[{"href":"https:\/\/tadeo.lv\/index.php\/wp-json\/wp\/v2\/media?parent=837"}],"curies":[{"name":"wp","href":"https:\/\/api.w.org\/{rel}","templated":true}]}}