{"id":692,"date":"2020-08-27T18:04:06","date_gmt":"2020-08-27T15:04:06","guid":{"rendered":"http:\/\/tadeo.lv\/?page_id=692"},"modified":"2020-10-13T11:24:31","modified_gmt":"2020-10-13T08:24:31","slug":"darba-tiesibas","status":"publish","type":"page","link":"https:\/\/tadeo.lv\/index.php\/darba-tiesibas\/?lang=lv","title":{"rendered":"Darba ties\u012bbas"},"content":{"rendered":"<p>Ja esat situ\u0101cij\u0101, kad nepiecie\u0161ams juridisks pakalpojums darba l\u012bgumu un korektu amata aprakstu izveid\u0113 vai ar\u012b juridisk\u0101 iejauk\u0161an\u0101s darba str\u012bdu gad\u012bjum\u0101, TADEO juridiskais birojs var Jums pal\u012bdz\u0113t un b\u016bt J\u016bsu tiesisko intere\u0161u p\u0101rst\u0101vis.<\/p>\n<p><strong>M\u016bsu juristi ar liel\u0101ko prieku pal\u012bdz\u0113s Jums ar \u0161\u0101diem juridiskajiem pakalpojumiem:<\/strong><\/p>\n<ul>\n<li>darba l\u012bguma sast\u0101d\u012b\u0161anu un kori\u0123\u0113\u0161anu, \u0146emot v\u0113r\u0101 darba \u0146\u0113m\u0113ja darba specifiku;<\/li>\n<li>juridisk\u0101m konsult\u0101cij\u0101m darba str\u012bdu jaut\u0101jumos;<\/li>\n<li>darba \u0146\u0113m\u0113ja amata apraksta izveidi;<\/li>\n<li>iek\u0161\u0113jo k\u0101rt\u012bbas noteikumu, r\u012bkojumu un citu, ar darba organiz\u0101ciju saist\u012btu, dokumentu izveidi un kori\u0123\u0113\u0161anu, atbilsto\u0161i normat\u012bvajiem aktiem;<\/li>\n<li>juridisk\u0101m konsult\u0101cij\u0101m darba \u0146\u0113m\u0113jam par vi\u0146a ties\u012bb\u0101m uz\u0146\u0113muma maks\u0101tnesp\u0113jas procesa laik\u0101;<\/li>\n<li>tiesisko intere\u0161u p\u0101rst\u0101v\u012bbu darba str\u012bdu jaut\u0101jumos;<\/li>\n<li>J\u016bsu tiesisko intere\u0161u piln\u012bgu p\u0101rst\u0101v\u012bbu, tai skait\u0101 sarun\u0101s ar arodbiedr\u012bb\u0101m, valsts darba inspekciju.<\/li>\n<\/ul>\n<p><strong>K\u0101p\u0113c ir nepiecie\u0161ams juridiskais atbalsts darba ties\u012bbu jaut\u0101jumos?<\/strong><\/p>\n<p>Juridiski korekti darba ties\u012bbu normat\u012bvie akti \u2013 darba l\u012bgumi, iek\u0161\u0113jie k\u0101rt\u012bbas noteikumi un r\u012bkojumi \u2013 \u013cauj izvair\u012bties no n\u0101kotn\u0113 iesp\u0113jamiem konfliktiem starp darba dev\u0113ju un darbinieku. \u0160\u0101da veida str\u012bdi atst\u0101j ietekmi uz darba produktivit\u0101ti un var novest pie b\u016btiskiem zaud\u0113jumiem gan darbinieka, gan darba dev\u0113ja pus\u0113.<\/p>\n<p>Darba str\u012bdu gad\u012bjum\u0101 pirmstiesas proces\u0101, jurists sp\u0113j gan darba dev\u0113jam, gan darba \u0146\u0113m\u0113jam ieteikt juridiski pareiz\u0101ko risin\u0101jumu, kas ilgtermi\u0146\u0101 noteikti atmaks\u0101sies, jo darbinieka un darba dev\u0113ja sak\u0101rtotas tiesisk\u0101s attiec\u012bbas ir pamats uztic\u012bbas pilnam darbam. Izvairies no iesp\u0113jam\u0101m probl\u0113m\u0101m n\u0101kotn\u0113 un ar juristu pal\u012bdz\u012bbu sak\u0101rto darba ties\u012bbu normat\u012bvos aktus sav\u0101 uz\u0146\u0113mum\u0101 jau s\u0101kum\u0101.<\/p>\n","protected":false},"excerpt":{"rendered":"<p>Ja esat situ\u0101cij\u0101, kad nepiecie\u0161ams juridisks pakalpojums darba l\u012bgumu un korektu amata aprakstu izveid\u0113 vai ar\u012b juridisk\u0101 iejauk\u0161an\u0101s darba str\u012bdu gad\u012bjum\u0101, TADEO juridiskais birojs var Jums pal\u012bdz\u0113t un b\u016bt J\u016bsu &#8230;<\/p>\n","protected":false},"author":1,"featured_media":0,"parent":0,"menu_order":0,"comment_status":"closed","ping_status":"closed","template":"","meta":[],"_links":{"self":[{"href":"https:\/\/tadeo.lv\/index.php\/wp-json\/wp\/v2\/pages\/692"}],"collection":[{"href":"https:\/\/tadeo.lv\/index.php\/wp-json\/wp\/v2\/pages"}],"about":[{"href":"https:\/\/tadeo.lv\/index.php\/wp-json\/wp\/v2\/types\/page"}],"author":[{"embeddable":true,"href":"https:\/\/tadeo.lv\/index.php\/wp-json\/wp\/v2\/users\/1"}],"replies":[{"embeddable":true,"href":"https:\/\/tadeo.lv\/index.php\/wp-json\/wp\/v2\/comments?post=692"}],"version-history":[{"count":6,"href":"https:\/\/tadeo.lv\/index.php\/wp-json\/wp\/v2\/pages\/692\/revisions"}],"predecessor-version":[{"id":1047,"href":"https:\/\/tadeo.lv\/index.php\/wp-json\/wp\/v2\/pages\/692\/revisions\/1047"}],"wp:attachment":[{"href":"https:\/\/tadeo.lv\/index.php\/wp-json\/wp\/v2\/media?parent=692"}],"curies":[{"name":"wp","href":"https:\/\/api.w.org\/{rel}","templated":true}]}}