{"id":655,"date":"2020-07-30T06:30:56","date_gmt":"2020-07-30T06:30:56","guid":{"rendered":"http:\/\/tadeo.lv\/?page_id=655"},"modified":"2024-11-25T18:34:31","modified_gmt":"2024-11-25T16:34:31","slug":"contactsru","status":"publish","type":"page","link":"https:\/\/tadeo.lv\/index.php\/ru\/contactsru\/?lang=lv","title":{"rendered":"\u041a\u041e\u041d\u0422\u0410\u041a\u0422\u042b"},"content":{"rendered":"<h2>\u042e\u0440\u0438\u0434\u0438\u0447\u0435\u0441\u043a\u043e\u0435 \u0431\u044e\u0440\u043e \u201eTadeo\u201d<\/h2>\n<h3>\u0420\u0415\u0413\u0418\u0421\u0422\u0420\u0410\u0426\u0418\u041e\u041d\u041d\u042b\u0419 \u2116 40203193400<\/h3>\n<h3>\u042e\u0420\u0418\u0414\u0418\u0427\u0415\u0421\u041a\u0418\u0419 \u0410\u0414\u0420\u0415\u0421: Mihaila T\u0101la iela 1, R\u012bga, LV-1045<\/h3>\n<div>\n<div class=\"flex-row contacts-row\" style=\"justify-content: space-between;margin-top: 60px; margin-bottom: 20px;\">\n<div class=\"flex-column contacts-column\">\n<svg style=\"width:60px;align-self:center;\" preserveAspectRatio=\"xMidYMid meet\" id=\"comp-k99ln4pxsvgcontent\" data-bbox=\"12 12 176 176\" viewBox=\"12 12 176 176\" xmlns=\"http:\/\/www.w3.org\/2000\/svg\" data-type=\"color\" role=\"img\" aria-labelledby=\"comp-k99ln4px-svgtitle\"><title id=\"comp-k99ln4px-svgtitle\"><\/title><g>\n        <path fill=\"#009490\" d=\"M52.7 78.1l48 22.2 46.2-21.2v-8.2H52.7v7.2z\" data-color=\"1\"><\/path>\n        <path d=\"M99.3 107.1L52.7 85.6v44.3h94.2V86.5L102.1 107c-.8.5-1.9.5-2.8.1z\" fill=\"#009490\" data-color=\"1\"><\/path>\n        <path d=\"M100 12c-48.6 0-88 39.4-88 88s39.4 88 88 88 88-39.4 88-88-39.3-88-88-88zm53.9 121.5c0 1.8-1.5 3.3-3.3 3.3H49.9c-1.8 0-3.3-1.5-3.3-3.3V67.2c0-1.8 1.5-3.3 3.3-3.3h100.6c1.8 0 3.3 1.5 3.3 3.3l.1 66.3z\" fill=\"#009490\" data-color=\"1\"><\/path>\n    <\/g><\/svg><\/p>\n<h3><a href=\"mailto: info@tadeo.lv\">info@tadeo.lv<\/a><\/h3>\n<\/div>\n<div class=\"flex-column contacts-column\">\n<svg style=\"width: 60px;align-self: center;\" preserveAspectRatio=\"xMidYMid meet\" id=\"comp-k99ln4q7svgcontent\" data-bbox=\"13.5 13.5 173 173\" viewBox=\"13.5 13.5 173 173\" xmlns=\"http:\/\/www.w3.org\/2000\/svg\" data-type=\"color\" role=\"img\" aria-labelledby=\"comp-k99ln4q7-svgtitle\"><title id=\"comp-k99ln4q7-svgtitle\"><\/title><g>\n        <path d=\"M88.4 77.9c1.6-1.6 1.4-5.4-.3-7.1L74.7 57.4c-1.6-1.6-4.8-1.3-6.4.3l-3.4 3.4L85 81.3l3.4-3.4z\" fill=\"#009490\" data-color=\"1\"><\/path>\n        <path d=\"M102.1 122.2c-6.1 0-12.6-2.2-17.7-7.3-8.7-8.7-8.5-21.5-3.1-29.4L61.2 65.4C57.7 70.8 57 78.6 59 87.8c2.7 11.6 9.6 23.4 19.4 33.2 9.7 9.7 22 16.9 33.6 19.7 9.3 2.2 17.3 1.6 22.7-1.8l-20.2-20.2c-3.4 2.2-7.8 3.5-12.4 3.5z\" fill=\"#009490\" data-color=\"1\"><\/path>\n        <path d=\"M100 13.5c-47.7 0-86.5 38.8-86.5 86.5s38.8 86.5 86.5 86.5 86.5-38.8 86.5-86.5-38.8-86.5-86.5-86.5zm46.3 122.3l-5.4 5.4c-.2.2-.3.3-.4.3-4.5 4.1-10.9 6.1-18.4 6.1-3.6 0-7.4-.5-11.5-1.5-12.8-3.1-25.7-10.6-36.2-21.2s-17.9-23.3-20.8-36c-2.9-12.4-1-23.1 5.2-29.7.1-.1.2-.2.2-.3l5.4-5.4c2-2 4.8-3.1 7.6-3.1 2.7 0 5.1 1 6.8 2.8L92 66.8c4 4 4.2 11.3.3 15.1l-5 5.1c-5.4 5.4-6.1 16.8 1 23.9 7.4 7.4 19.2 7 24.6 1.7l5-5c2-2 4.8-3.1 7.6-3.1 2.7 0 5.1 1 6.8 2.8l13.4 13.4c4.2 3.9 4.4 11.2.6 15.1z\" fill=\"#009490\" data-color=\"1\"><\/path>\n        <path d=\"M128.5 111.2c-1.6-1.6-4.8-1.3-6.4.3l-3.4 3.4 20.2 20.2 3.4-3.4c1.6-1.6 1.4-5.4-.3-7.1l-13.5-13.4z\" fill=\"#009490\" data-color=\"1\"><\/path>\n    <\/g><\/svg><\/p>\n<h3><a href=\"tel:+371 26131378\">+371 26131378<\/a><\/h3>\n<\/div>\n<div class=\"flex-column contacts-column\">\n<svg style=\"width: 60px; align-self: center;\" preserveAspectRatio=\"xMidYMid meet\" id=\"comp-k99ln4qdsvgcontent\" data-bbox=\"10 10 180 180\" viewBox=\"10 10 180 180\" xmlns=\"http:\/\/www.w3.org\/2000\/svg\" data-type=\"color\" role=\"img\" aria-labelledby=\"comp-k99ln4qd-svgtitle\"><title id=\"comp-k99ln4qd-svgtitle\"><\/title><g>\n        <path d=\"M99.6 58.5c-18 0-32.1 14.2-32.1 32.5 0 19.6 24.8 46.6 32.1 54.3 7.4-7.6 32.1-34.3 32.1-54.3.1-18.2-14.1-32.5-32.1-32.5zm0 37c-6.8 0-12.2-5.5-12.2-12.2 0-6.8 5.5-12.2 12.2-12.2 6.8 0 12.2 5.5 12.2 12.2.1 6.7-5.4 12.2-12.2 12.2z\" fill=\"#009490\" data-color=\"1\"><\/path>\n        <path d=\"M99.6 77.1c-3.4 0-6.3 2.8-6.3 6.3 0 3.4 2.8 6.3 6.3 6.3 3.4 0 6.3-2.8 6.3-6.3s-2.7-6.3-6.3-6.3z\" fill=\"#009490\" data-color=\"1\"><\/path>\n        <path d=\"M100 10c-49.7 0-90 40.3-90 90s40.3 90 90 90 90-40.3 90-90-40.2-90-90-90zm1.7 141.6c-.5.5-1.3.8-2.1.8s-1.4-.3-2.1-.8c-1.4-1.4-36-35.1-36-60.6 0-21.5 16.7-38.3 38.1-38.3s38.1 16.8 38.1 38.3c0 25.8-34.5 59.1-36 60.6z\" fill=\"#009490\" data-color=\"1\"><\/path>\n    <\/g><\/svg><\/p>\n<h3>Mihaila T\u0101la iela 1, R\u012bga, Latvija, LV-1045<\/h3>\n<\/div>\n<\/div>\n<h2>\u041d\u0430\u0448\u0435 \u043c\u0435\u0441\u0442\u043e \u043d\u0430\u0445\u043e\u0436\u0434\u0435\u043d\u0438\u044f<\/h2>\n<p><iframe loading=\"lazy\" src=\"https:\/\/manakarte.kartes.lv\/karte\/?key=MK_675496\" width=\"100%\" height=\"400\" frameborder=\"0\"><\/iframe><\/p>\n<\/div>\n","protected":false},"excerpt":{"rendered":"<p>\u042e\u0440\u0438\u0434\u0438\u0447\u0435\u0441\u043a\u043e\u0435 \u0431\u044e\u0440\u043e \u201eTadeo\u201d \u0420\u0415\u0413\u0418\u0421\u0422\u0420\u0410\u0426\u0418\u041e\u041d\u041d\u042b\u0419 \u2116 40203193400 \u042e\u0420\u0418\u0414\u0418\u0427\u0415\u0421\u041a\u0418\u0419 \u0410\u0414\u0420\u0415\u0421: Mihaila T\u0101la iela 1, R\u012bga, LV-1045 info@tadeo.lv +371 26131378 Mihaila T\u0101la iela 1, R\u012bga, Latvija, LV-1045 \u041d\u0430\u0448\u0435 \u043c\u0435\u0441\u0442\u043e \u043d\u0430\u0445\u043e\u0436\u0434\u0435\u043d\u0438\u044f<\/p>\n","protected":false},"author":1,"featured_media":0,"parent":0,"menu_order":0,"comment_status":"closed","ping_status":"closed","template":"","meta":[],"_links":{"self":[{"href":"https:\/\/tadeo.lv\/index.php\/wp-json\/wp\/v2\/pages\/655"}],"collection":[{"href":"https:\/\/tadeo.lv\/index.php\/wp-json\/wp\/v2\/pages"}],"about":[{"href":"https:\/\/tadeo.lv\/index.php\/wp-json\/wp\/v2\/types\/page"}],"author":[{"embeddable":true,"href":"https:\/\/tadeo.lv\/index.php\/wp-json\/wp\/v2\/users\/1"}],"replies":[{"embeddable":true,"href":"https:\/\/tadeo.lv\/index.php\/wp-json\/wp\/v2\/comments?post=655"}],"version-history":[{"count":9,"href":"https:\/\/tadeo.lv\/index.php\/wp-json\/wp\/v2\/pages\/655\/revisions"}],"predecessor-version":[{"id":1397,"href":"https:\/\/tadeo.lv\/index.php\/wp-json\/wp\/v2\/pages\/655\/revisions\/1397"}],"wp:attachment":[{"href":"https:\/\/tadeo.lv\/index.php\/wp-json\/wp\/v2\/media?parent=655"}],"curies":[{"name":"wp","href":"https:\/\/api.w.org\/{rel}","templated":true}]}}